 l**3 + 7 - 3*l**2 - 5*l - l**2. Calculate a(-5).
21
Let n(x) = -x**2 + 10*x - 1. Suppose -4*d = -q + 30, -5*d - 25 = -q + 10. Determine n(q).
-1
Let u(x) be the first derivative of x**2/2 - 14*x - 20. Give u(0).
-14
Suppose 12 = -8*m - 36. Let l(q) = 7*q + 6. Let u(n) = -15*n - 13. Let s(a) = m*u(a) - 13*l(a). Calculate s(4).
-4
Let l(i) be the third derivative of i**6/120 + i**5/60 - i**3 + 3*i**2 + 9*i. What is l(0)?
-6
Let i = -1 + -4. Let u(a) be the first derivative of 5*a + 2 + 1/2*a**2. Calculate u(i).
0
Let r(u) = -5*u + 29. Let v be r(4). Let o(w) = w**2 - 8*w + 7. Give o(v).
16
Let m(v) = -5*v**3 - 17*v**2 - 14*v + 14. Let c(d) = 3*d**3 + 9*d**2 + 8*d - 7. Let j(h) = 7*c(h) + 4*m(h). Determine j(5).
7
Let h(d) be the first derivative of -d**4/4 - 5*d**3/3 - 6*d - 124. What is h(-5)?
-6
Let v be -2 - (-9 - -8)*(-30)/5. Let c(k) = k + 10. Give c(v).
2
Let q(i) = i**2 - 5*i - 11. Let w(a) = -a**2 + 2*a + 12. Let m(s) = -3*q(s) - 4*w(s). Calculate m(6).
63
Let v(q) = 15*q - 6. Let l be 4/12*(-1 - -19). Let p(g) = 7*g - 3. Let y(i) = l*v(i) - 13*p(i). Determine y(4).
-1
Let n(g) = -g. Let q(s) = -s**2 - 9*s - 5. Let d = -39 + 63. Let l = 15 - d. Let y be q(l). Calculate n(y).
5
Let a(z) = z**2 - z - 12. Suppose 35*j - 16*j = 95. Determine a(j).
8
Let f(j) = -3*j - 1. Let b(v) = 4 + 4*v - 2*v - 3*v + 0*v. Let l be b(4). Suppose -a + 4 = l, 2*a - 4 = -d + 3*d. What is f(d)?
-7
Suppose 3*b = -0 + 6. Let v(c) = 3*c + 2*c**b + 4*c**3 - 4*c**3 + c**3 + 2*c**2. What is v(-3)?
0
Let x(c) = -c**3 - 6*c**2 + 4*c + 7. Let j be x(-6). Let i = -15 - j. Let g(q) = -2*q + 2 - q**2 + i*q**2 + q - 2*q**2. Give g(2).
-4
Let w(f) be the third derivative of f**4/3 - 10*f**3/3 - 585*f**2. Give w(3).
4
Let r(f) be the second derivative of -f**3/2 + 3*f**2/2 + f. Let x(c) = -2*c**3 + 74*c**2 + 4*c - 142. Let m be x(37). Give r(m).
-15
Let j(f) = -2*f - 7. Let w(k) = -k**2 + 18*k - 5. Let q be w(17). Suppose -4*m - n - 4*n + 33 = 0, -m = 5*n - q. Calculate j(m).
-21
Let p(v) = 5*v - 20. Let t(f) = -f + 2. Let j(i) = p(i) + 3*t(i). Determine j(5).
-4
Let p(b) = 11*b**2 + 65*b + 1. Let a be p(-6). Let w(i) = -i**2 + 9*i - 10. Determine w(a).
4
Let q(x) = x**3 + 3*x**2 - 5*x - 3. Let d(h) = -2*h**3 + 3*h**2 - h + 2. Let z(w) = 2*w + 20. Let j be z(-9). Let f be d(j). Determine q(f).
1
Let y(x) be the third derivative of -x**6/120 - x**5/10 - x**4/24 + x**3/6 - 8*x**2. Let u be 3/((-12)/44) + 3. Let i be (u/(-20))/((-4)/60). Give y(i).
7
Let n(x) = -18*x**3 - x**2 - x - 1. Let s = -588 + 587. Give n(s).
17
Let l(j) be the second derivative of -j**3/3 - 2*j. Let z = -754 + 757. What is l(z)?
-6
Suppose i - 11 = -3. Let d(m) = -6*m**2 - 2*m - 12. Let g(n) = -5*n**2 - 11. Let q(k) = 4*d(k) - 5*g(k). What is q(i)?
7
Suppose 0 = u - 2*u - 7. Let h(p) = 9*p**3 + 5*p**2 - 7*p + 8. Let j(m) = 5*m**3 + 2*m**2 - 3*m + 4. Let o(r) = -4*h(r) + 7*j(r). Calculate o(u).
-4
Let s(l) = 5*l**3 + 2*l**2 + 7*l - 15. Let a(w) = 4*w**3 + 3*w**2 + 6*w - 13. Let y(m) = 4*a(m) - 3*s(m). Calculate y(-5).
3
Let m(d) = d**2 - 5*d + 4. Suppose -42*l + 44*l = 6. What is m(l)?
-2
Let u(n) = 134*n**2 - 9 - 132*n**2 + 14*n**3 + 9 - 34*n - 33*n + 68*n. Let t be (-1)/3 + (-13)/(-3). Suppose -t*a + 2*a - 2 = 0. What is u(a)?
-13
Let x(k) be the first derivative of -k**2 - 2*k + 1/3*k**3 + 4. Let t = -1 + 4. What is x(t)?
1
Let a(k) be the third derivative of -k**6/120 - k**5/10 - 7*k**4/24 - 7*k**3/6 + 76*k**2. What is a(-5)?
3
Let x(f) = -5*f**3 + 40*f**2 - 49*f + 37. Let a(j) = -2*j**3 + 16*j**2 - 24*j + 18. Let y(c) = -7*a(c) + 3*x(c). What is y(10)?
-5
Let p(o) = -4*o**3 + 16*o**3 - 13*o**3 - 6 + 7*o + 3*o**2. What is p(4)?
6
Let o(s) = -s - 2*s**3 + 3*s**3 + 2*s**2 - s**2 + 4. Let m be (6/(-27))/(-1) - (-244)/(-1098). Give o(m).
4
Suppose -5*t - 3*p = -10 - 3, 0 = -3*t + p + 5. Let n(l) = 2 + 1 - 8*l**t - 4. Let y(x) = x + 9. Let f be y(-8). What is n(f)?
-9
Let a(n) be the second derivative of -n**3/6 - n**2/2 - n. Let i(j) = -5*j - 5. Let u(v) = 6*a(v) - i(v). What is u(-2)?
1
Let m(p) = -p**2 - 3*p + 8. Let u(b) = 3*b**2 + 10*b - 24. Let n(k) = 11*m(k) + 4*u(k). What is n(-6)?
-14
Let y(w) be the first derivative of -1/3*w**3 + 7/2*w**2 - 1 - 7*w. Let b(t) = t + 14. Let q be b(-8). Calculate y(q).
-1
Suppose -274*k = -272*k + 26. Let p(t) = -t**2 - 16*t - 2. Calculate p(k).
37
Let x = 11 - 3. Suppose 0 = x*t - 3*t. Let q(h) be the third derivative of -h**6/120 - h**5/60 - h**4/24 + 5*h**3/3 + 10*h**2. Calculate q(t).
10
Let w(y) be the third derivative of y**5/30 - y**4/4 + y**3/2 + y**2. Suppose 4*o - 9*l - 13 = -6*l, 3*l = 3. Determine w(o).
11
Let s be (-6)/9 - 0 - (-124)/(-93). Let r(w) = -2 + 5*w**2 - 2*w + w**2 - 4*w**2 - w. Calculate r(s).
12
Let h(c) = -c**3 - c**2 + 3*c + 3. Suppose 157 + 29 = 93*m. Calculate h(m).
-3
Let x(v) = -v**2 + v + 2 + 2*v**2 + v. Suppose 0 = -52*q + 45*q + 868. Let b = q - 128. Determine x(b).
10
Let o(b) = b - 5. Suppose -115*n = -89*n - 338. Determine o(n).
8
Let i(g) = g**3 + 5*g**2. Suppose 12*f - 19 = -79. What is i(f)?
0
Let u(y) = 5*y**3 + 5*y**2 + 2*y - 3. Let v(o) = -o**2 - o + 1. Let d(t) = -u(t) - 3*v(t). Let f be -5*30/50 - (-2 + -2). Give d(f).
-6
Let z(y) = y**2 - 13*y + 24. Let u be z(9). Let k(v) = -v**2 - 11*v + 14. Calculate k(u).
2
Let l be 16/(-3)*15/(-20). Let s(a) = -l*a - 2 - 10*a**2 + 1 + 11*a**2. What is s(3)?
-4
Let d(a) be the third derivative of -a**4/3 + 5*a**3/6 + 91*a**2. What is d(5)?
-35
Suppose 0 = 2*k - 5*t + 1, k + 3 = 3*k - t. Let q(g) = 3 + 5*g**k - 9 + g + 6. Calculate q(-1).
4
Let x(u) = u**2 - 17*u - 3. Let l(h) = h**3 + 22*h**2 - 4*h + 452. Let j be l(-23). What is x(j)?
-33
Let a(p) be the second derivative of 0 + 1/3*p**3 - 1/2*p**2 + 12*p. What is a(3)?
5
Let r(a) = a - 6. Suppose -4*v + 0*v = 4*s - 36, 7 = v - s. Suppose -3*k - v = -5*k. Suppose -2*c + 12 = -4*c + k*g, -3*c + 4*g - 12 = 0. Give r(c).
-6
Suppose 7*r = 37*r - 180. Let a(q) = q**2 - 10*q + 31. What is a(r)?
7
Let r(j) = -2*j - 10. Let d = 17 + -23. Determine r(d).
2
Suppose 4*b - 3 = -c + 5, -5*c = 0. Let r(w) be the third derivative of w**4/8 + w**3/6 - w**2. Give r(b).
7
Suppose w - 6*w + 10 = 0. Let i(c) = -10*c - 5*c + c**3 + 8*c - 5*c**w - 3. What is i(6)?
-9
Let b(a) = a**2 + 6*a - 18. Let t = 472 - 480. What is b(t)?
-2
Let u(g) be the second derivative of 5*g**3/6 + g**2 - 2*g + 54. Calculate u(-5).
-23
Suppose 7*x + 5*f - 20 = 2*x, 5*x = 5*f + 20. Let y(l) be the second derivative of -1/4*l**4 - 60*l + 0 - 2/3*l**3 + 3*l**2 + 1/20*l**5. Calculate y(x).
6
Let b(s) = -s + 3. Let f(c) = -c**3 - 4*c**2 - c + 3. Let y be f(-4). Suppose -a + 5 = z, -z + y = a + 2*z. Suppose -m + a*m = -18. Determine b(m).
9
Let b = -129 - -125. Let h(m) be the second derivative of -m**4/6 - 2*m**3/3 - m. What is h(b)?
-16
Let d = 1060 - 12719/12. Let n(g) be the third derivative of -1/120*g**6 + 1/2*g**3 + 0*g + d*g**4 - 9*g**2 - 1/30*g**5 + 0. Give n(-3).
6
Suppose 0 = -5*v - 5*q + 155, 5*v - 178 - 1 = 3*q. Let a = v + -42. Let p(m) = 2*m + 12. Determine p(a).
-4
Suppose 2*o + 0 - 24 = -3*y, 0 = 5*y - 2*o - 24. Let a(j) = -5*j**2 + 6*j + 11. Let z(v) = 9*v**2 - 12*v - 21. Let t(i) = -7*a(i) - 4*z(i). Calculate t(y).
7
Let f(q) = -78*q - 10. Let s be f(0). Let v(m) = -2*m + 10. What is v(s)?
30
Let c(s) be the second derivative of s**5/60 + s**4/6 + 5*s**3/6 - s**2 - 3*s. Let x(i) be the first derivative of c(i). What is x(-4)?
5
Let v = -29 - -35. Suppose 2*d + v = 0, 0 = -4*q + 5*d - 0 - 5. Let g(p) = 7*p - 3. Let u(w) = -w. Let m(j) = -g(j) - 5*u(j). Calculate m(q).
13
Let b(z) = -4*z + 7. Let r(v) = 10*v**3 + 2*v**2 + 5*v + 3. Let o be r(-1). Calculate b(o).
47
Let k(l) = l**3 - 18*l**2 + 16*l + 29. Suppose -11*f + 986 = 47*f. Determine k(f).
12
Let n(g) = g**3 + g**2 + 9. Let c be n(0). Suppose 8*o - c*o = -2. Let i(r) = 2*r + r**3 - r - 2*r**3. What is i(o)?
-6
Let f(i) be the first derivative of -3*i**2/2 - 10*i + 68. Calculate f(-4).
2
Let n(w) = w**2 + 6*w - 3. Let f(o) be the third derivative of -o**5/10 - 31*o**4/24 + 8*o**3/3 - 20*o**2. Let p(c) = 2*f(c) + 11*n(c). Determine p(5).
-6
Let x(l) = 7*l**2 + 3*l + 2. Let c be x(-1). Let s(h) be the second derivative of 0 - 1/6*h**3 + 7/2*h**2 + 5*h. Calculate s(c).
1
Let x(w) = 2*w**2 - 48*w - 164. L